{"id":102,"date":"2020-01-22T10:59:21","date_gmt":"2020-01-22T09:59:21","guid":{"rendered":"https:\/\/pigier-lyon.com\/blogs\/aquafish\/?page_id=102"},"modified":"2020-06-03T19:55:11","modified_gmt":"2020-06-03T17:55:11","slug":"aquariums","status":"publish","type":"page","link":"https:\/\/pigier-lyon.com\/blogs\/aquafish\/aquariums\/","title":{"rendered":"Les aquariums"},"content":{"rendered":"\t\t<div data-elementor-type=\"wp-page\" data-elementor-id=\"102\" class=\"elementor elementor-102\" data-elementor-post-type=\"page\">\n\t\t\t\t\t\t<section class=\"elementor-section elementor-top-section elementor-element elementor-element-67ad01c elementor-section-boxed elementor-section-height-default elementor-section-height-default\" data-id=\"67ad01c\" data-element_type=\"section\" data-e-type=\"section\">\n\t\t\t\t\t\t<div class=\"elementor-container elementor-column-gap-default\">\n\t\t\t\t\t<div class=\"elementor-column elementor-col-100 elementor-top-column elementor-element elementor-element-72ffb65\" data-id=\"72ffb65\" data-element_type=\"column\" data-e-type=\"column\">\n\t\t\t<div class=\"elementor-widget-wrap elementor-element-populated\">\n\t\t\t\t\t\t<div class=\"elementor-element elementor-element-e682b3d elementor-widget elementor-widget-text-editor\" data-id=\"e682b3d\" data-element_type=\"widget\" data-e-type=\"widget\" data-widget_type=\"text-editor.default\">\n\t\t\t\t<div class=\"elementor-widget-container\">\n\t\t\t\t\t\t\t\t\t<p>Vous h\u00e9sitez entre diff\u00e9rents aquariums ? Bien plus qu\u2019une simple d\u00e9coration de salon, l\u2019aquarium est un v\u00e9ritable petit univers aquatique o\u00f9 les poissons \u00e9voluent en permanence sous vos yeux. \u00c0 la fois hypnotique et relaxant, l\u2019aquarium se d\u00e9cline sous de multiples formes. \u00c0 vous de choisir le v\u00f4tre !<\/p><div><p style=\"text-align: left\">La dimension de l\u2019aquarium va d\u00e9pendre de deux facteurs\u00a0:<\/p><ul style=\"list-style-type: disc\"><li style=\"text-align: left\">Les besoins des esp\u00e8ces introduites\u00a0: leur taille adulte et leur besoin d\u2019espace<\/li><li style=\"text-align: left\">Le nombre d\u2019habitants dans l\u2019aquariumis aussi du temps que l\u2019on veut y consacrer et de son budget.<\/li><\/ul><div>Le choix du type d\u2019eau d\u00e9pend encore une fois des besoins des poissons mais aussi du temps que l\u2019on veut y consacrer et de son budget.<\/div><\/div><p>Dans notre boutique Aqua Fish, vous retrouverez l&rsquo;ensemble de nos produits pour cr\u00e9er votre monde aquatique. N&rsquo;h\u00e9sitez pas \u00e0 venir nous vous en boutique pour avoir davantage ou \u00e0 nous contacter directement en <a href=\"https:\/\/pigier-lyon.com\/blogs\/aquafish\/contact\/\">cliquant ici !<\/a><\/p>\t\t\t\t\t\t\t\t<\/div>\n\t\t\t\t<\/div>\n\t\t\t\t\t<\/div>\n\t\t<\/div>\n\t\t\t\t\t<\/div>\n\t\t<\/section>\n\t\t\t\t<section class=\"elementor-section elementor-top-section elementor-element elementor-element-459e8db elementor-section-boxed elementor-section-height-default elementor-section-height-default\" data-id=\"459e8db\" data-element_type=\"section\" data-e-type=\"section\">\n\t\t\t\t\t\t<div class=\"elementor-container elementor-column-gap-default\">\n\t\t\t\t\t<div class=\"elementor-column elementor-col-50 elementor-top-column elementor-element elementor-element-e9c0747\" data-id=\"e9c0747\" data-element_type=\"column\" data-e-type=\"column\">\n\t\t\t<div class=\"elementor-widget-wrap elementor-element-populated\">\n\t\t\t\t\t\t<div class=\"elementor-element elementor-element-5955bb9 elementor-widget elementor-widget-image\" data-id=\"5955bb9\" data-element_type=\"widget\" data-e-type=\"widget\" data-widget_type=\"image.default\">\n\t\t\t\t<div class=\"elementor-widget-container\">\n\t\t\t\t\t\t\t\t\t\t\t\t\t\t\t\t<a href=\"https:\/\/pigier-lyon.com\/blogs\/aquafish\/2020\/06\/02\/aquariums-minimalistes\/\">\n\t\t\t\t\t\t\t<img decoding=\"async\" width=\"150\" height=\"150\" src=\"https:\/\/pigier-lyon.com\/blogs\/aquafish\/wp-content\/uploads\/sites\/66\/2020\/05\/auqarium-4-150x150.jpg\" class=\"attachment-thumbnail size-thumbnail wp-image-338\" alt=\"aquarium minimaliste\" srcset=\"https:\/\/pigier-lyon.com\/blogs\/aquafish\/wp-content\/uploads\/sites\/66\/2020\/05\/auqarium-4-150x150.jpg 150w, https:\/\/pigier-lyon.com\/blogs\/aquafish\/wp-content\/uploads\/sites\/66\/2020\/05\/auqarium-4-300x300.jpg 300w, https:\/\/pigier-lyon.com\/blogs\/aquafish\/wp-content\/uploads\/sites\/66\/2020\/05\/auqarium-4-768x768.jpg 768w, https:\/\/pigier-lyon.com\/blogs\/aquafish\/wp-content\/uploads\/sites\/66\/2020\/05\/auqarium-4-400x400.jpg 400w, https:\/\/pigier-lyon.com\/blogs\/aquafish\/wp-content\/uploads\/sites\/66\/2020\/05\/auqarium-4-60x60.jpg 60w, https:\/\/pigier-lyon.com\/blogs\/aquafish\/wp-content\/uploads\/sites\/66\/2020\/05\/auqarium-4-600x600.jpg 600w, https:\/\/pigier-lyon.com\/blogs\/aquafish\/wp-content\/uploads\/sites\/66\/2020\/05\/auqarium-4-100x100.jpg 100w, https:\/\/pigier-lyon.com\/blogs\/aquafish\/wp-content\/uploads\/sites\/66\/2020\/05\/auqarium-4.jpg 800w\" sizes=\"(max-width: 150px) 100vw, 150px\" \/>\t\t\t\t\t\t\t\t<\/a>\n\t\t\t\t\t\t\t\t\t\t\t\t\t\t\t<\/div>\n\t\t\t\t<\/div>\n\t\t\t\t<div class=\"elementor-element elementor-element-2e81ed8 elementor-widget elementor-widget-heading\" data-id=\"2e81ed8\" data-element_type=\"widget\" data-e-type=\"widget\" data-widget_type=\"heading.default\">\n\t\t\t\t<div class=\"elementor-widget-container\">\n\t\t\t\t\t<h2 class=\"elementor-heading-title elementor-size-medium\">Aquariums minimalistes<\/h2>\t\t\t\t<\/div>\n\t\t\t\t<\/div>\n\t\t\t\t<div class=\"elementor-element elementor-element-6ad8adc elementor-align-center elementor-widget elementor-widget-button\" data-id=\"6ad8adc\" data-element_type=\"widget\" data-e-type=\"widget\" data-widget_type=\"button.default\">\n\t\t\t\t<div class=\"elementor-widget-container\">\n\t\t\t\t\t\t\t\t\t<div class=\"elementor-button-wrapper\">\n\t\t\t\t\t<a class=\"elementor-button elementor-button-link elementor-size-sm\" href=\"https:\/\/pigier-lyon.com\/blogs\/aquafish\/2020\/06\/02\/aquariums-minimalistes\/\">\n\t\t\t\t\t\t<span class=\"elementor-button-content-wrapper\">\n\t\t\t\t\t\t\t\t\t<span class=\"elementor-button-text\">Cliquez ici<\/span>\n\t\t\t\t\t<\/span>\n\t\t\t\t\t<\/a>\n\t\t\t\t<\/div>\n\t\t\t\t\t\t\t\t<\/div>\n\t\t\t\t<\/div>\n\t\t\t\t\t<\/div>\n\t\t<\/div>\n\t\t\t\t<div class=\"elementor-column elementor-col-50 elementor-top-column elementor-element elementor-element-782561a\" data-id=\"782561a\" data-element_type=\"column\" data-e-type=\"column\">\n\t\t\t<div class=\"elementor-widget-wrap elementor-element-populated\">\n\t\t\t\t\t\t<div class=\"elementor-element elementor-element-4f3630d elementor-widget elementor-widget-image\" data-id=\"4f3630d\" data-element_type=\"widget\" data-e-type=\"widget\" data-widget_type=\"image.default\">\n\t\t\t\t<div class=\"elementor-widget-container\">\n\t\t\t\t\t\t\t\t\t\t\t\t\t\t\t\t<a href=\"https:\/\/pigier-lyon.com\/blogs\/aquafish\/2020\/06\/02\/aquarium-led\/\">\n\t\t\t\t\t\t\t<img decoding=\"async\" width=\"150\" height=\"150\" src=\"https:\/\/pigier-lyon.com\/blogs\/aquafish\/wp-content\/uploads\/sites\/66\/2020\/05\/aquarium-3-150x150.jpg\" class=\"attachment-thumbnail size-thumbnail wp-image-337\" alt=\"aquariums produits\" srcset=\"https:\/\/pigier-lyon.com\/blogs\/aquafish\/wp-content\/uploads\/sites\/66\/2020\/05\/aquarium-3-150x150.jpg 150w, https:\/\/pigier-lyon.com\/blogs\/aquafish\/wp-content\/uploads\/sites\/66\/2020\/05\/aquarium-3-400x400.jpg 400w, https:\/\/pigier-lyon.com\/blogs\/aquafish\/wp-content\/uploads\/sites\/66\/2020\/05\/aquarium-3-60x60.jpg 60w, https:\/\/pigier-lyon.com\/blogs\/aquafish\/wp-content\/uploads\/sites\/66\/2020\/05\/aquarium-3-300x300.jpg 300w, https:\/\/pigier-lyon.com\/blogs\/aquafish\/wp-content\/uploads\/sites\/66\/2020\/05\/aquarium-3-100x100.jpg 100w\" sizes=\"(max-width: 150px) 100vw, 150px\" \/>\t\t\t\t\t\t\t\t<\/a>\n\t\t\t\t\t\t\t\t\t\t\t\t\t\t\t<\/div>\n\t\t\t\t<\/div>\n\t\t\t\t<div class=\"elementor-element elementor-element-a5c3416 elementor-widget elementor-widget-heading\" data-id=\"a5c3416\" data-element_type=\"widget\" data-e-type=\"widget\" data-widget_type=\"heading.default\">\n\t\t\t\t<div class=\"elementor-widget-container\">\n\t\t\t\t\t<h2 class=\"elementor-heading-title elementor-size-medium\">Aquariums LED<\/h2>\t\t\t\t<\/div>\n\t\t\t\t<\/div>\n\t\t\t\t<div class=\"elementor-element elementor-element-0cb0848 elementor-align-center elementor-widget elementor-widget-button\" data-id=\"0cb0848\" data-element_type=\"widget\" data-e-type=\"widget\" data-widget_type=\"button.default\">\n\t\t\t\t<div class=\"elementor-widget-container\">\n\t\t\t\t\t\t\t\t\t<div class=\"elementor-button-wrapper\">\n\t\t\t\t\t<a class=\"elementor-button elementor-button-link elementor-size-sm\" href=\"https:\/\/pigier-lyon.com\/blogs\/aquafish\/2020\/06\/02\/aquarium-led\/\">\n\t\t\t\t\t\t<span class=\"elementor-button-content-wrapper\">\n\t\t\t\t\t\t\t\t\t<span class=\"elementor-button-text\">Cliquez ici<\/span>\n\t\t\t\t\t<\/span>\n\t\t\t\t\t<\/a>\n\t\t\t\t<\/div>\n\t\t\t\t\t\t\t\t<\/div>\n\t\t\t\t<\/div>\n\t\t\t\t\t<\/div>\n\t\t<\/div>\n\t\t\t\t\t<\/div>\n\t\t<\/section>\n\t\t\t\t<section class=\"elementor-section elementor-top-section elementor-element elementor-element-076a55b elementor-section-boxed elementor-section-height-default elementor-section-height-default\" data-id=\"076a55b\" data-element_type=\"section\" data-e-type=\"section\">\n\t\t\t\t\t\t<div class=\"elementor-container elementor-column-gap-default\">\n\t\t\t\t\t<div class=\"elementor-column elementor-col-100 elementor-top-column elementor-element elementor-element-9e09e0a\" data-id=\"9e09e0a\" data-element_type=\"column\" data-e-type=\"column\">\n\t\t\t<div class=\"elementor-widget-wrap elementor-element-populated\">\n\t\t\t\t\t\t<div class=\"elementor-element elementor-element-e9aadd6 elementor-widget elementor-widget-spacer\" data-id=\"e9aadd6\" data-element_type=\"widget\" data-e-type=\"widget\" data-widget_type=\"spacer.default\">\n\t\t\t\t<div class=\"elementor-widget-container\">\n\t\t\t\t\t\t\t<div class=\"elementor-spacer\">\n\t\t\t<div class=\"elementor-spacer-inner\"><\/div>\n\t\t<\/div>\n\t\t\t\t\t\t<\/div>\n\t\t\t\t<\/div>\n\t\t\t\t\t<\/div>\n\t\t<\/div>\n\t\t\t\t\t<\/div>\n\t\t<\/section>\n\t\t\t\t<section class=\"elementor-section elementor-top-section elementor-element elementor-element-e7f08c2 elementor-section-boxed elementor-section-height-default elementor-section-height-default\" data-id=\"e7f08c2\" data-element_type=\"section\" data-e-type=\"section\">\n\t\t\t\t\t\t<div class=\"elementor-container elementor-column-gap-default\">\n\t\t\t\t\t<div class=\"elementor-column elementor-col-50 elementor-top-column elementor-element elementor-element-bdb63a0\" data-id=\"bdb63a0\" data-element_type=\"column\" data-e-type=\"column\">\n\t\t\t<div class=\"elementor-widget-wrap elementor-element-populated\">\n\t\t\t\t\t\t<div class=\"elementor-element elementor-element-fe910d4 elementor-widget elementor-widget-image\" data-id=\"fe910d4\" data-element_type=\"widget\" data-e-type=\"widget\" data-widget_type=\"image.default\">\n\t\t\t\t<div class=\"elementor-widget-container\">\n\t\t\t\t\t\t\t\t\t\t\t\t\t\t\t\t<a href=\"https:\/\/pigier-lyon.com\/blogs\/aquafish\/2020\/06\/02\/aquariums-modernes\/\">\n\t\t\t\t\t\t\t<img decoding=\"async\" width=\"150\" height=\"150\" src=\"https:\/\/pigier-lyon.com\/blogs\/aquafish\/wp-content\/uploads\/sites\/66\/2020\/05\/aquarium-2-1-150x150.jpg\" class=\"attachment-thumbnail size-thumbnail wp-image-340\" alt=\"aquariums modernes\" srcset=\"https:\/\/pigier-lyon.com\/blogs\/aquafish\/wp-content\/uploads\/sites\/66\/2020\/05\/aquarium-2-1-150x150.jpg 150w, https:\/\/pigier-lyon.com\/blogs\/aquafish\/wp-content\/uploads\/sites\/66\/2020\/05\/aquarium-2-1-300x300.jpg 300w, https:\/\/pigier-lyon.com\/blogs\/aquafish\/wp-content\/uploads\/sites\/66\/2020\/05\/aquarium-2-1-60x60.jpg 60w, https:\/\/pigier-lyon.com\/blogs\/aquafish\/wp-content\/uploads\/sites\/66\/2020\/05\/aquarium-2-1-100x100.jpg 100w, https:\/\/pigier-lyon.com\/blogs\/aquafish\/wp-content\/uploads\/sites\/66\/2020\/05\/aquarium-2-1.jpg 350w\" sizes=\"(max-width: 150px) 100vw, 150px\" \/>\t\t\t\t\t\t\t\t<\/a>\n\t\t\t\t\t\t\t\t\t\t\t\t\t\t\t<\/div>\n\t\t\t\t<\/div>\n\t\t\t\t<div class=\"elementor-element elementor-element-fd49cf7 elementor-widget elementor-widget-heading\" data-id=\"fd49cf7\" data-element_type=\"widget\" data-e-type=\"widget\" data-widget_type=\"heading.default\">\n\t\t\t\t<div class=\"elementor-widget-container\">\n\t\t\t\t\t<h2 class=\"elementor-heading-title elementor-size-medium\">Aquariums modernes<\/h2>\t\t\t\t<\/div>\n\t\t\t\t<\/div>\n\t\t\t\t<div class=\"elementor-element elementor-element-36fd0c6 elementor-align-center elementor-widget elementor-widget-button\" data-id=\"36fd0c6\" data-element_type=\"widget\" data-e-type=\"widget\" data-widget_type=\"button.default\">\n\t\t\t\t<div class=\"elementor-widget-container\">\n\t\t\t\t\t\t\t\t\t<div class=\"elementor-button-wrapper\">\n\t\t\t\t\t<a class=\"elementor-button elementor-button-link elementor-size-sm\" href=\"https:\/\/pigier-lyon.com\/blogs\/aquafish\/2020\/06\/02\/aquariums-modernes\/\">\n\t\t\t\t\t\t<span class=\"elementor-button-content-wrapper\">\n\t\t\t\t\t\t\t\t\t<span class=\"elementor-button-text\">Cliquez ici<\/span>\n\t\t\t\t\t<\/span>\n\t\t\t\t\t<\/a>\n\t\t\t\t<\/div>\n\t\t\t\t\t\t\t\t<\/div>\n\t\t\t\t<\/div>\n\t\t\t\t\t<\/div>\n\t\t<\/div>\n\t\t\t\t<div class=\"elementor-column elementor-col-50 elementor-top-column elementor-element elementor-element-4f05210\" data-id=\"4f05210\" data-element_type=\"column\" data-e-type=\"column\">\n\t\t\t<div class=\"elementor-widget-wrap elementor-element-populated\">\n\t\t\t\t\t\t<div class=\"elementor-element elementor-element-11349ed elementor-widget elementor-widget-image\" data-id=\"11349ed\" data-element_type=\"widget\" data-e-type=\"widget\" data-widget_type=\"image.default\">\n\t\t\t\t<div class=\"elementor-widget-container\">\n\t\t\t\t\t\t\t\t\t\t\t\t\t\t\t\t<a href=\"https:\/\/pigier-lyon.com\/blogs\/aquafish\/2020\/06\/02\/meubles-aquariums\/\">\n\t\t\t\t\t\t\t<img loading=\"lazy\" decoding=\"async\" width=\"150\" height=\"150\" src=\"https:\/\/pigier-lyon.com\/blogs\/aquafish\/wp-content\/uploads\/sites\/66\/2020\/05\/aquarium-1-150x150.jpg\" class=\"attachment-thumbnail size-thumbnail wp-image-335\" alt=\"aquariums produits\" srcset=\"https:\/\/pigier-lyon.com\/blogs\/aquafish\/wp-content\/uploads\/sites\/66\/2020\/05\/aquarium-1-150x150.jpg 150w, https:\/\/pigier-lyon.com\/blogs\/aquafish\/wp-content\/uploads\/sites\/66\/2020\/05\/aquarium-1-300x300.jpg 300w, https:\/\/pigier-lyon.com\/blogs\/aquafish\/wp-content\/uploads\/sites\/66\/2020\/05\/aquarium-1-400x400.jpg 400w, https:\/\/pigier-lyon.com\/blogs\/aquafish\/wp-content\/uploads\/sites\/66\/2020\/05\/aquarium-1-60x60.jpg 60w, https:\/\/pigier-lyon.com\/blogs\/aquafish\/wp-content\/uploads\/sites\/66\/2020\/05\/aquarium-1-100x100.jpg 100w, https:\/\/pigier-lyon.com\/blogs\/aquafish\/wp-content\/uploads\/sites\/66\/2020\/05\/aquarium-1.jpg 500w\" sizes=\"(max-width: 150px) 100vw, 150px\" \/>\t\t\t\t\t\t\t\t<\/a>\n\t\t\t\t\t\t\t\t\t\t\t\t\t\t\t<\/div>\n\t\t\t\t<\/div>\n\t\t\t\t<div class=\"elementor-element elementor-element-144dba9 elementor-widget elementor-widget-heading\" data-id=\"144dba9\" data-element_type=\"widget\" data-e-type=\"widget\" data-widget_type=\"heading.default\">\n\t\t\t\t<div class=\"elementor-widget-container\">\n\t\t\t\t\t<h2 class=\"elementor-heading-title elementor-size-medium\">Meubles aquariums<\/h2>\t\t\t\t<\/div>\n\t\t\t\t<\/div>\n\t\t\t\t<div class=\"elementor-element elementor-element-c892cb9 elementor-align-center elementor-widget elementor-widget-button\" data-id=\"c892cb9\" data-element_type=\"widget\" data-e-type=\"widget\" data-widget_type=\"button.default\">\n\t\t\t\t<div class=\"elementor-widget-container\">\n\t\t\t\t\t\t\t\t\t<div class=\"elementor-button-wrapper\">\n\t\t\t\t\t<a class=\"elementor-button elementor-button-link elementor-size-sm\" href=\"https:\/\/pigier-lyon.com\/blogs\/aquafish\/2020\/06\/02\/meubles-aquariums\/\">\n\t\t\t\t\t\t<span class=\"elementor-button-content-wrapper\">\n\t\t\t\t\t\t\t\t\t<span class=\"elementor-button-text\">Cliquez ici<\/span>\n\t\t\t\t\t<\/span>\n\t\t\t\t\t<\/a>\n\t\t\t\t<\/div>\n\t\t\t\t\t\t\t\t<\/div>\n\t\t\t\t<\/div>\n\t\t\t\t\t<\/div>\n\t\t<\/div>\n\t\t\t\t\t<\/div>\n\t\t<\/section>\n\t\t\t\t<section class=\"elementor-section elementor-top-section elementor-element elementor-element-2e4cb3c elementor-section-boxed elementor-section-height-default elementor-section-height-default\" data-id=\"2e4cb3c\" data-element_type=\"section\" data-e-type=\"section\">\n\t\t\t\t\t\t<div class=\"elementor-container elementor-column-gap-default\">\n\t\t\t\t\t<div class=\"elementor-column elementor-col-100 elementor-top-column elementor-element elementor-element-7826443\" data-id=\"7826443\" data-element_type=\"column\" data-e-type=\"column\">\n\t\t\t<div class=\"elementor-widget-wrap elementor-element-populated\">\n\t\t\t\t\t\t<div class=\"elementor-element elementor-element-695a883 elementor-widget elementor-widget-text-editor\" data-id=\"695a883\" data-element_type=\"widget\" data-e-type=\"widget\" data-widget_type=\"text-editor.default\">\n\t\t\t\t<div class=\"elementor-widget-container\">\n\t\t\t\t\t\t\t\t\t<p>L\u2019aquariophilie est une activit\u00e9 partag\u00e9e par de nombreux amoureux des poissons et du monde aquatique. Ces passionn\u00e9s ont tous en commun un objectif qui va au-del\u00e0 de la beaut\u00e9 de l\u2019aquarium\u00a0: <strong>le bien-\u00eatre du poisson<\/strong>.<\/p><p>Vous aussi vous \u00eates aquariophile ? Partagez-nous votre univers aquatique sur <a href=\"https:\/\/www.instagram.com\/aqua_fish69\/?hl=fr\" target=\"_blank\" rel=\"noopener\">Instagram<\/a> avec le #AquaFish69<\/p>\t\t\t\t\t\t\t\t<\/div>\n\t\t\t\t<\/div>\n\t\t\t\t\t<\/div>\n\t\t<\/div>\n\t\t\t\t\t<\/div>\n\t\t<\/section>\n\t\t\t\t<\/div>\n\t\t","protected":false},"excerpt":{"rendered":"<p>Vous h\u00e9sitez entre diff\u00e9rents aquariums ? Bien plus qu\u2019une simple d\u00e9coration de salon, l\u2019aquarium est un v\u00e9ritable petit univers aquatique &hellip; <a href=\"https:\/\/pigier-lyon.com\/blogs\/aquafish\/aquariums\/\" class=\"more-link\">Continue reading <span class=\"screen-reader-text\">Les aquariums<\/span><\/a><\/p>\n","protected":false},"author":360,"featured_media":0,"parent":0,"menu_order":0,"comment_status":"closed","ping_status":"closed","template":"","meta":{"footnotes":""},"class_list":["post-102","page","type-page","status-publish","hentry"],"_links":{"self":[{"href":"https:\/\/pigier-lyon.com\/blogs\/aquafish\/wp-json\/wp\/v2\/pages\/102","targetHints":{"allow":["GET"]}}],"collection":[{"href":"https:\/\/pigier-lyon.com\/blogs\/aquafish\/wp-json\/wp\/v2\/pages"}],"about":[{"href":"https:\/\/pigier-lyon.com\/blogs\/aquafish\/wp-json\/wp\/v2\/types\/page"}],"author":[{"embeddable":true,"href":"https:\/\/pigier-lyon.com\/blogs\/aquafish\/wp-json\/wp\/v2\/users\/360"}],"replies":[{"embeddable":true,"href":"https:\/\/pigier-lyon.com\/blogs\/aquafish\/wp-json\/wp\/v2\/comments?post=102"}],"version-history":[{"count":35,"href":"https:\/\/pigier-lyon.com\/blogs\/aquafish\/wp-json\/wp\/v2\/pages\/102\/revisions"}],"predecessor-version":[{"id":735,"href":"https:\/\/pigier-lyon.com\/blogs\/aquafish\/wp-json\/wp\/v2\/pages\/102\/revisions\/735"}],"wp:attachment":[{"href":"https:\/\/pigier-lyon.com\/blogs\/aquafish\/wp-json\/wp\/v2\/media?parent=102"}],"curies":[{"name":"wp","href":"https:\/\/api.w.org\/{rel}","templated":true}]}}